{"id":378274,"date":"2025-02-10T15:14:27","date_gmt":"2025-02-10T18:14:27","guid":{"rendered":"https:\/\/mkt.estrategia.com\/med\/?page_id=378274"},"modified":"2025-02-20T10:43:05","modified_gmt":"2025-02-20T13:43:05","slug":"simulados-gratis-residencia-medica-2025","status":"publish","type":"page","link":"https:\/\/mkt.estrategia.com\/med\/simulados-gratis-residencia-medica-2025\/","title":{"rendered":"Simulados Gr\u00e1tis Residencia M\u00e9dica 2025"},"content":{"rendered":"<p>[et_pb_section fb_built=&#8221;1&#8243; module_id=&#8221;top&#8221; _builder_version=&#8221;4.27.4&#8243; _module_preset=&#8221;default&#8221; background_image=&#8221;https:\/\/mkt.estrategia.com\/med\/wp-content\/uploads\/sites\/6\/2025\/02\/bg-simulados-rm-2-scaled.webp&#8221; global_colors_info=&#8221;{}&#8221;][et_pb_row _builder_version=&#8221;4.27.4&#8243; _module_preset=&#8221;default&#8221; global_colors_info=&#8221;{}&#8221;][et_pb_column type=&#8221;4_4&#8243; _builder_version=&#8221;4.27.4&#8243; _module_preset=&#8221;default&#8221; global_colors_info=&#8221;{}&#8221;][et_pb_image src=&#8221;https:\/\/mkt.estrategia.com\/med\/wp-content\/uploads\/sites\/6\/2025\/02\/titulo-simulados-rm.webp&#8221; title_text=&#8221;titulo-simulados-rm&#8221; align=&#8221;center&#8221; _builder_version=&#8221;4.27.4&#8243; _module_preset=&#8221;default&#8221; global_colors_info=&#8221;{}&#8221;][\/et_pb_image][\/et_pb_column][\/et_pb_row][et_pb_row _builder_version=&#8221;4.27.4&#8243; _module_preset=&#8221;default&#8221; custom_margin=&#8221;-20px|auto||auto||&#8221; custom_padding=&#8221;17px|||||&#8221; global_colors_info=&#8221;{}&#8221;][et_pb_column type=&#8221;4_4&#8243; _builder_version=&#8221;4.27.4&#8243; _module_preset=&#8221;default&#8221; global_colors_info=&#8221;{}&#8221;][et_pb_text _builder_version=&#8221;4.27.4&#8243; _module_preset=&#8221;default&#8221; text_font=&#8221;Poppins Regular||||||||&#8221; header_font=&#8221;Poppins Medium||||||||&#8221; header_text_align=&#8221;center&#8221; header_text_color=&#8221;#000000&#8243; header_font_size=&#8221;26px&#8221; header_line_height=&#8221;1.3em&#8221; global_colors_info=&#8221;{}&#8221;]<\/p>\n<h1>Participe dos Simulados Gratuitos de Resid\u00eancia M\u00e9dica do Estrat\u00e9gia MED e avance na sua prepara\u00e7\u00e3o para as provas de acesso direto!<\/h1>\n<p>[\/et_pb_text][\/et_pb_column][\/et_pb_row][et_pb_row _builder_version=&#8221;4.27.4&#8243; _module_preset=&#8221;default&#8221; custom_margin=&#8221;-31px|auto||auto||&#8221; global_colors_info=&#8221;{}&#8221;][et_pb_column type=&#8221;4_4&#8243; _builder_version=&#8221;4.27.4&#8243; _module_preset=&#8221;default&#8221; global_colors_info=&#8221;{}&#8221;][et_pb_text _builder_version=&#8221;4.27.4&#8243; _module_preset=&#8221;default&#8221; text_font=&#8221;Poppins Regular||||||||&#8221; text_text_color=&#8221;#000000&#8243; text_font_size=&#8221;23px&#8221; text_line_height=&#8221;1.4em&#8221; text_orientation=&#8221;center&#8221; global_colors_info=&#8221;{}&#8221;]<\/p>\n<p>Confira o calend\u00e1rios dos Simulados do Primeiro Semestre de 2025 e garanta a sua participa\u00e7\u00e3o!<\/p>\n<p>[\/et_pb_text][et_pb_text _builder_version=&#8221;4.27.4&#8243; _module_preset=&#8221;default&#8221; text_font=&#8221;Poppins Bold||||||||&#8221; text_text_color=&#8221;#000000&#8243; text_font_size=&#8221;23px&#8221; text_line_height=&#8221;1.4em&#8221; text_orientation=&#8221;center&#8221; custom_margin=&#8221;-14px|||||&#8221; global_colors_info=&#8221;{}&#8221;]100% on-line e gratuito[\/et_pb_text][\/et_pb_column][\/et_pb_row][et_pb_row _builder_version=&#8221;4.27.4&#8243; _module_preset=&#8221;default&#8221; background_color=&#8221;#38415b&#8221; width=&#8221;36%&#8221; width_tablet=&#8221;36%&#8221; width_phone=&#8221;94%&#8221; width_last_edited=&#8221;on|phone&#8221; custom_padding=&#8221;29px||36px|||&#8221; border_radii=&#8221;on|15px|15px|15px|15px&#8221; box_shadow_style=&#8221;preset1&#8243; global_colors_info=&#8221;{}&#8221;][et_pb_column type=&#8221;4_4&#8243; _builder_version=&#8221;4.27.4&#8243; _module_preset=&#8221;default&#8221; global_colors_info=&#8221;{}&#8221;][formulario_estrategia text_color=&#8221;#FFFFFF&#8221; text_bg=&#8221;#48a5b3&#8243; icon_color=&#8221;#48a5b3&#8243; icon_bg=&#8221;#48a5b3&#8243; area=&#8221;EMED&#8221; layout=&#8221;basico-nn.php&#8221; need_sucesso=&#8221;on&#8221; sucesso=&#8221;https:\/\/mkt.estrategia.com\/med\/sucesso-simulados-gratis-residencia-medica-2025\/&#8221; need_welcome=&#8221;on&#8221; welcome=&#8221;wlc_emed_rm_sim_1sem25_0106&#8243; legado_crm=&#8221;on&#8221; _builder_version=&#8221;4.27.4&#8243; _module_preset=&#8221;default&#8221; width=&#8221;80%&#8221; width_tablet=&#8221;80%&#8221; width_phone=&#8221;90%&#8221; width_last_edited=&#8221;on|phone&#8221; module_alignment=&#8221;center&#8221; global_colors_info=&#8221;{}&#8221;][\/formulario_estrategia][\/et_pb_column][\/et_pb_row][\/et_pb_section][et_pb_section fb_built=&#8221;1&#8243; _builder_version=&#8221;4.27.4&#8243; _module_preset=&#8221;default&#8221; use_background_color_gradient=&#8221;on&#8221; background_color_gradient_direction=&#8221;87deg&#8221; background_color_gradient_stops=&#8221;#38415b 0%|#000923 99%&#8221; global_colors_info=&#8221;{}&#8221;][et_pb_row _builder_version=&#8221;4.27.4&#8243; _module_preset=&#8221;default&#8221; global_colors_info=&#8221;{}&#8221;][et_pb_column type=&#8221;4_4&#8243; _builder_version=&#8221;4.27.4&#8243; _module_preset=&#8221;default&#8221; global_colors_info=&#8221;{}&#8221;][et_pb_text _builder_version=&#8221;4.27.4&#8243; _module_preset=&#8221;default&#8221; text_font=&#8221;Roboto Regular||||||||&#8221; header_2_font=&#8221;Poppins Bold||||||||&#8221; header_2_text_align=&#8221;center&#8221; header_2_text_color=&#8221;#FFFFFF&#8221; global_colors_info=&#8221;{}&#8221;]<\/p>\n<h2>Confira as datas de aplica\u00e7\u00e3o dos simulados e programe-se para participar:<br \/>\n<\/h2>\n<p>[\/et_pb_text][\/et_pb_column][\/et_pb_row][et_pb_row _builder_version=&#8221;4.27.4&#8243; _module_preset=&#8221;default&#8221; module_alignment=&#8221;center&#8221; global_colors_info=&#8221;{}&#8221;][et_pb_column type=&#8221;4_4&#8243; _builder_version=&#8221;4.27.4&#8243; _module_preset=&#8221;default&#8221; global_colors_info=&#8221;{}&#8221;][et_pb_code _builder_version=&#8221;4.27.4&#8243; _module_preset=&#8221;default&#8221; text_orientation=&#8221;center&#8221; module_alignment=&#8221;center&#8221; global_colors_info=&#8221;{}&#8221;]<\/p>\n<div class=\"rm_container\"><!-- [et_pb_line_break_holder] -->  <\/p>\n<table><!-- [et_pb_line_break_holder] -->        <\/p>\n<thead><!-- [et_pb_line_break_holder] -->            <\/p>\n<tr><!-- [et_pb_line_break_holder] -->                <\/p>\n<th>Data<\/th>\n<p><!-- [et_pb_line_break_holder] -->                <\/p>\n<th>Simulado<\/th>\n<p><!-- [et_pb_line_break_holder] -->            <\/tr>\n<p><!-- [et_pb_line_break_holder] -->        <\/thead>\n<p><!-- [et_pb_line_break_holder] -->        <\/p>\n<tbody><!-- [et_pb_line_break_holder] -->            <\/p>\n<tr>\n<td>16\/fev<\/td>\n<td>1\u00ba Simulado Resid\u00eancia M\u00e9dica 2025<\/td>\n<\/tr>\n<p><!-- [et_pb_line_break_holder] -->            <\/p>\n<tr>\n<td>09\/mar<\/td>\n<td>2\u00ba Simulado Resid\u00eancia M\u00e9dica 2025<\/td>\n<\/tr>\n<p><!-- [et_pb_line_break_holder] -->            <\/p>\n<tr>\n<td>23\/mar<\/td>\n<td>3\u00ba Simulado Resid\u00eancia M\u00e9dica 2025<\/td>\n<\/tr>\n<p><!-- [et_pb_line_break_holder] -->            <\/p>\n<tr>\n<td>06\/abr<\/td>\n<td>4\u00ba Simulado Resid\u00eancia M\u00e9dica 2025<\/td>\n<\/tr>\n<p><!-- [et_pb_line_break_holder] -->            <\/p>\n<tr>\n<td>13\/abr<\/td>\n<td>5\u00ba Simulado Resid\u00eancia M\u00e9dica 2025<\/td>\n<\/tr>\n<p><!-- [et_pb_line_break_holder] -->            <\/p>\n<tr>\n<td>04\/mai<\/td>\n<td>6\u00ba Simulado Resid\u00eancia M\u00e9dica 2025<\/td>\n<\/tr>\n<p><!-- [et_pb_line_break_holder] -->            <\/p>\n<tr>\n<td>18\/mai<\/td>\n<td>7\u00ba Simulado Resid\u00eancia M\u00e9dica 2025<\/td>\n<\/tr>\n<p><!-- [et_pb_line_break_holder] -->\u00a0<\/p>\n<tr>\n<td>01\/jun<\/td>\n<td>8\u00ba Simulado Resid\u00eancia M\u00e9dica 2025<\/td>\n<\/tr>\n<p><!-- [et_pb_line_break_holder] -->\u00a0 \u00a0 \u00a0 \u00a0 \u00a0<\/tbody>\n<p><!-- [et_pb_line_break_holder] -->    <\/table>\n<p><!-- [et_pb_line_break_holder] --><\/div>\n<p><!-- [et_pb_line_break_holder] --><\/p>\n<style><!-- [et_pb_line_break_holder] -->  .rm_container {<!-- [et_pb_line_break_holder] -->    display: flex;<!-- [et_pb_line_break_holder] -->    justify-content: center;<!-- [et_pb_line_break_holder] -->    align-items: center;<!-- [et_pb_line_break_holder] -->  }<!-- [et_pb_line_break_holder] -->  table {<!-- [et_pb_line_break_holder] -->            width: 100%;<!-- [et_pb_line_break_holder] -->            max-width: 600px;<!-- [et_pb_line_break_holder] -->            margin: auto;<!-- [et_pb_line_break_holder] -->            border-collapse: collapse;<!-- [et_pb_line_break_holder] -->            background: white;<!-- [et_pb_line_break_holder] -->            box-shadow: 0px 4px 6px rgba(0, 0, 0, 0.1);<!-- [et_pb_line_break_holder] -->            border-radius: 8px;<!-- [et_pb_line_break_holder] -->            overflow: hidden;<!-- [et_pb_line_break_holder] -->        }<!-- [et_pb_line_break_holder] -->        th, td {<!-- [et_pb_line_break_holder] -->            padding: 12px;<!-- [et_pb_line_break_holder] -->            border: 1px solid #ddd;<!-- [et_pb_line_break_holder] -->            text-align: center;<!-- [et_pb_line_break_holder] -->        }<!-- [et_pb_line_break_holder] -->        th {<!-- [et_pb_line_break_holder] -->            background: #38415B;<!-- [et_pb_line_break_holder] -->            color: white !important;<!-- [et_pb_line_break_holder] -->        }<!-- [et_pb_line_break_holder] -->        tr:nth-child(even) {<!-- [et_pb_line_break_holder] -->            background: #f9f9f9;<!-- [et_pb_line_break_holder] -->        }<!-- [et_pb_line_break_holder] --><\/style>\n<p>[\/et_pb_code][\/et_pb_column][\/et_pb_row][et_pb_row _builder_version=&#8221;4.27.4&#8243; _module_preset=&#8221;default&#8221; global_colors_info=&#8221;{}&#8221;][et_pb_column type=&#8221;4_4&#8243; _builder_version=&#8221;4.27.4&#8243; _module_preset=&#8221;default&#8221; global_colors_info=&#8221;{}&#8221;][et_pb_text _builder_version=&#8221;4.27.4&#8243; _module_preset=&#8221;default&#8221; text_font=&#8221;Poppins Regular||||||||&#8221; text_text_color=&#8221;#FFFFFF&#8221; text_font_size=&#8221;20px&#8221; text_orientation=&#8221;center&#8221; global_colors_info=&#8221;{}&#8221;]Perdeu algum simulado? Fique de olho nos pr\u00f3ximos e n\u00e3o perca a chance de testar seus conhecimentos![\/et_pb_text][\/et_pb_column][\/et_pb_row][et_pb_row _builder_version=&#8221;4.27.4&#8243; _module_preset=&#8221;default&#8221; global_colors_info=&#8221;{}&#8221;][et_pb_column type=&#8221;4_4&#8243; _builder_version=&#8221;4.27.4&#8243; _module_preset=&#8221;default&#8221; global_colors_info=&#8221;{}&#8221;][et_pb_button button_url=&#8221;#top&#8221; button_text=&#8221;INSCREVA-SE GRATUITAMENTE&#8221; button_alignment=&#8221;center&#8221; _builder_version=&#8221;4.27.4&#8243; _module_preset=&#8221;default&#8221; custom_button=&#8221;on&#8221; button_text_color=&#8221;#FFFFFF&#8221; button_bg_color=&#8221;#49a6ab&#8221; button_border_color=&#8221;#49a6ab&#8221; global_colors_info=&#8221;{}&#8221;][\/et_pb_button][\/et_pb_column][\/et_pb_row][\/et_pb_section][et_pb_section fb_built=&#8221;1&#8243; _builder_version=&#8221;4.27.4&#8243; _module_preset=&#8221;default&#8221; background_color=&#8221;#f2f2f2&#8243; global_colors_info=&#8221;{}&#8221;][et_pb_row _builder_version=&#8221;4.27.4&#8243; _module_preset=&#8221;default&#8221; global_colors_info=&#8221;{}&#8221;][et_pb_column type=&#8221;4_4&#8243; _builder_version=&#8221;4.27.4&#8243; _module_preset=&#8221;default&#8221; global_colors_info=&#8221;{}&#8221;][et_pb_text _builder_version=&#8221;4.27.4&#8243; _module_preset=&#8221;default&#8221; text_font=&#8221;Poppins Bold||||||||&#8221; text_text_color=&#8221;#000000&#8243; text_font_size=&#8221;32px&#8221; header_2_font=&#8221;Poppins Bold||||||||&#8221; header_2_text_align=&#8221;center&#8221; header_2_text_color=&#8221;#000000&#8243; header_2_font_size=&#8221;32px&#8221; global_colors_info=&#8221;{}&#8221;]<\/p>\n<h2>Por que fazer os simulados do Estrat\u00e9gia MED?<\/h2>\n<p>[\/et_pb_text][\/et_pb_column][\/et_pb_row][et_pb_row _builder_version=&#8221;4.27.4&#8243; _module_preset=&#8221;default&#8221; global_colors_info=&#8221;{}&#8221;][et_pb_column type=&#8221;4_4&#8243; _builder_version=&#8221;4.27.4&#8243; _module_preset=&#8221;default&#8221; global_colors_info=&#8221;{}&#8221;][et_pb_blurb use_icon=&#8221;on&#8221; font_icon=&#8221;&#xe052;||divi||400&#8243; icon_color=&#8221;#49a6ab&#8221; icon_placement=&#8221;left&#8221; _builder_version=&#8221;4.27.4&#8243; _module_preset=&#8221;default&#8221; body_font=&#8221;Poppins Regular||||||||&#8221; body_text_color=&#8221;#000000&#8243; body_font_size=&#8221;22px&#8221; body_line_height=&#8221;1.8rem&#8221; global_colors_info=&#8221;{}&#8221;]<\/p>\n<p><b>Teste seus conhecimentos<\/b><span style=\"font-weight: 400;\"> com quest\u00f5es no n\u00edvel das principais provas de resid\u00eancia m\u00e9dica.<\/span><\/p>\n<p>[\/et_pb_blurb][et_pb_blurb use_icon=&#8221;on&#8221; font_icon=&#8221;&#xe052;||divi||400&#8243; icon_color=&#8221;#49a6ab&#8221; icon_placement=&#8221;left&#8221; _builder_version=&#8221;4.27.4&#8243; _module_preset=&#8221;default&#8221; body_font=&#8221;Poppins Regular||||||||&#8221; body_text_color=&#8221;#000000&#8243; body_font_size=&#8221;22px&#8221; body_line_height=&#8221;1.8rem&#8221; global_colors_info=&#8221;{}&#8221;]<\/p>\n<p><span style=\"font-weight: 400;\">Identifique seus pontos fracos e aprimore seu desempenho com <\/span><b>corre\u00e7\u00f5es detalhadas<\/b><span style=\"font-weight: 400;\"> em texto e v\u00eddeo, feitas por professores especialistas.<\/span><\/p>\n<p>[\/et_pb_blurb][et_pb_blurb use_icon=&#8221;on&#8221; font_icon=&#8221;&#xe052;||divi||400&#8243; icon_color=&#8221;#49a6ab&#8221; icon_placement=&#8221;left&#8221; _builder_version=&#8221;4.27.4&#8243; _module_preset=&#8221;default&#8221; body_font=&#8221;Poppins Regular||||||||&#8221; body_text_color=&#8221;#000000&#8243; body_font_size=&#8221;22px&#8221; body_line_height=&#8221;1.8rem&#8221; global_colors_info=&#8221;{}&#8221;]<\/p>\n<p><span style=\"font-weight: 400;\">Treine a <\/span><b>gest\u00e3o<\/b> <b>do<\/b> <b>tempo<\/b><span style=\"font-weight: 400;\"> e <\/span><b>controle<\/b> <b>da<\/b> <b>ansiedade<\/b><span style=\"font-weight: 400;\"> na hora da prova.<\/span><\/p>\n<p>[\/et_pb_blurb][et_pb_blurb use_icon=&#8221;on&#8221; font_icon=&#8221;&#xe052;||divi||400&#8243; icon_color=&#8221;#49a6ab&#8221; icon_placement=&#8221;left&#8221; _builder_version=&#8221;4.27.4&#8243; _module_preset=&#8221;default&#8221; body_font=&#8221;Poppins Regular||||||||&#8221; body_text_color=&#8221;#000000&#8243; body_font_size=&#8221;22px&#8221; body_line_height=&#8221;1.8rem&#8221; global_colors_info=&#8221;{}&#8221;]<\/p>\n<p><b>Compare<\/b> <b>seu<\/b> <b>desempenho<\/b><span style=\"font-weight: 400;\"> com o de outros candidatos e<\/span><b> avalie<\/b> <b>sua<\/b> <b>evolu\u00e7\u00e3o<\/b><span style=\"font-weight: 400;\">.<\/span><\/p>\n<p>[\/et_pb_blurb][et_pb_blurb use_icon=&#8221;on&#8221; font_icon=&#8221;&#xe052;||divi||400&#8243; icon_color=&#8221;#49a6ab&#8221; icon_placement=&#8221;left&#8221; _builder_version=&#8221;4.27.4&#8243; _module_preset=&#8221;default&#8221; body_font=&#8221;Poppins Regular||||||||&#8221; body_text_color=&#8221;#000000&#8243; body_font_size=&#8221;22px&#8221; body_line_height=&#8221;1.8rem&#8221; global_colors_info=&#8221;{}&#8221;]<\/p>\n<p><span style=\"font-weight: 400;\">Concorra a uma <\/span><b>vaga<\/b> <b>na Turma Especial do Estrat\u00e9gia MED<\/b><span style=\"font-weight: 400;\"> e a um <\/span><b>Kit exclusivo<\/b><span style=\"font-weight: 400;\"> para o primeiro colocado!<\/span><\/p>\n<p>[\/et_pb_blurb][\/et_pb_column][\/et_pb_row][et_pb_row _builder_version=&#8221;4.27.4&#8243; _module_preset=&#8221;default&#8221; global_colors_info=&#8221;{}&#8221;][et_pb_column type=&#8221;4_4&#8243; _builder_version=&#8221;4.27.4&#8243; _module_preset=&#8221;default&#8221; global_colors_info=&#8221;{}&#8221;][et_pb_button button_url=&#8221;#top&#8221; button_text=&#8221;INSCREVA-SE GRATUITAMENTE&#8221; button_alignment=&#8221;center&#8221; _builder_version=&#8221;4.27.4&#8243; _module_preset=&#8221;default&#8221; custom_button=&#8221;on&#8221; button_text_color=&#8221;#FFFFFF&#8221; button_bg_color=&#8221;#49a6ab&#8221; button_border_color=&#8221;#49a6ab&#8221; global_colors_info=&#8221;{}&#8221;][\/et_pb_button][\/et_pb_column][\/et_pb_row][\/et_pb_section]<\/p>\n","protected":false},"excerpt":{"rendered":"<p>Participe dos Simulados Gratuitos de Resid\u00eancia M\u00e9dica do Estrat\u00e9gia MED e avance na sua prepara\u00e7\u00e3o para as provas de acesso direto!Confira o calend\u00e1rios dos Simulados do Primeiro Semestre de 2025 e garanta a sua participa\u00e7\u00e3o!100% on-line e gratuito<div class=\"et_pb_module formulario_estrategia formulario_estrategia_0\">\n\t\t\t\t\n\t\t\t\t\n\t\t\t\t\n\t\t\t\t\n\t\t\t\t\n\t\t\t\t\n\t\t\t\t<div class=\"et_pb_module_inner\">\n\t\t\t\t\t            \n\t\t\t\t<\/div>\n\t\t\t<\/div><\/p>\n","protected":false},"author":1,"featured_media":0,"parent":0,"menu_order":0,"comment_status":"closed","ping_status":"closed","template":"","meta":{"_et_pb_use_builder":"on","_et_pb_old_content":"","_et_gb_content_width":"","footnotes":""},"categories":[8],"tags":[],"class_list":["post-378274","page","type-page","status-publish","hentry","category-simulados"],"_links":{"self":[{"href":"https:\/\/mkt.estrategia.com\/med\/wp-json\/wp\/v2\/pages\/378274","targetHints":{"allow":["GET"]}}],"collection":[{"href":"https:\/\/mkt.estrategia.com\/med\/wp-json\/wp\/v2\/pages"}],"about":[{"href":"https:\/\/mkt.estrategia.com\/med\/wp-json\/wp\/v2\/types\/page"}],"author":[{"embeddable":true,"href":"https:\/\/mkt.estrategia.com\/med\/wp-json\/wp\/v2\/users\/1"}],"replies":[{"embeddable":true,"href":"https:\/\/mkt.estrategia.com\/med\/wp-json\/wp\/v2\/comments?post=378274"}],"version-history":[{"count":15,"href":"https:\/\/mkt.estrategia.com\/med\/wp-json\/wp\/v2\/pages\/378274\/revisions"}],"predecessor-version":[{"id":378455,"href":"https:\/\/mkt.estrategia.com\/med\/wp-json\/wp\/v2\/pages\/378274\/revisions\/378455"}],"wp:attachment":[{"href":"https:\/\/mkt.estrategia.com\/med\/wp-json\/wp\/v2\/media?parent=378274"}],"wp:term":[{"taxonomy":"category","embeddable":true,"href":"https:\/\/mkt.estrategia.com\/med\/wp-json\/wp\/v2\/categories?post=378274"},{"taxonomy":"post_tag","embeddable":true,"href":"https:\/\/mkt.estrategia.com\/med\/wp-json\/wp\/v2\/tags?post=378274"}],"curies":[{"name":"wp","href":"https:\/\/api.w.org\/{rel}","templated":true}]}}